{"id":126,"date":"2025-08-05T09:19:11","date_gmt":"2025-08-05T09:19:11","guid":{"rendered":"https:\/\/octopusea.fr\/?page_id=126"},"modified":"2025-08-05T09:27:19","modified_gmt":"2025-08-05T09:27:19","slug":"keelcrabpoint","status":"publish","type":"page","link":"https:\/\/octopusea.fr\/?page_id=126","title":{"rendered":"KeelcrabPoint"},"content":{"rendered":"\n<h2 class=\"wp-block-heading\">Keelcrab Point<\/h2>\n\n\n\n<div class=\"wp-block-columns is-layout-flex wp-container-core-columns-is-layout-28f84493 wp-block-columns-is-layout-flex\">\n<div class=\"wp-block-column is-layout-flow wp-block-column-is-layout-flow\" style=\"flex-basis:33.33%\">\n<figure class=\"wp-block-image size-full is-resized\"><img loading=\"lazy\" decoding=\"async\" width=\"1024\" height=\"726\" src=\"http:\/\/octopusea.fr\/wp-content\/uploads\/2025\/08\/KEELCRAB-POINT-logo_tr-1024x726-1.png\" alt=\"\" class=\"wp-image-127\" style=\"width:222px;height:auto\" srcset=\"https:\/\/octopusea.fr\/wp-content\/uploads\/2025\/08\/KEELCRAB-POINT-logo_tr-1024x726-1.png 1024w, https:\/\/octopusea.fr\/wp-content\/uploads\/2025\/08\/KEELCRAB-POINT-logo_tr-1024x726-1-300x213.png 300w, https:\/\/octopusea.fr\/wp-content\/uploads\/2025\/08\/KEELCRAB-POINT-logo_tr-1024x726-1-768x545.png 768w\" sizes=\"auto, (max-width: 1024px) 100vw, 1024px\" \/><\/figure>\n<\/div>\n\n\n\n<div class=\"wp-block-column is-layout-flow wp-block-column-is-layout-flow\" style=\"flex-basis:66.66%\">\n<p>Votre <strong>point relais officiel Keelcrab<\/strong> vous offre une expertise compl\u00e8te sur le <strong>robot Keelcrab Pro<\/strong>. Nous proposons un accompagnement personnalis\u00e9, de l&rsquo;acquisition \u00e0 l&rsquo;utilisation, pour des performances optimales et respectueuses de l&rsquo;environnement.<\/p>\n\n\n\n<p>Nous fournissons \u00e9galement un <strong>service apr\u00e8s-vente<\/strong> et des <strong>pi\u00e8ces d\u00e9tach\u00e9es certifi\u00e9es<\/strong> pour garantir la durabilit\u00e9 de votre appareil.<\/p>\n\n\n\n<p>B\u00e9n\u00e9ficiez de notre expertise locale et d&rsquo;un service de proximit\u00e9 en choisissant notre point relais.<\/p>\n<\/div>\n<\/div>\n\n\n\n<p>Le robot <strong>Keelcrab<\/strong> est un outil efficace pour le nettoyage, l&rsquo;entretien et l&rsquo;inspection de la coque des bateaux \u00e0 distance.<sup><\/sup><\/p>\n\n\n\n<p>Son exosquelette en plastique lui conf\u00e8re une flottabilit\u00e9 neutre et lui permet de s&rsquo;accrocher parfaitement \u00e0 la coque. Un puissant moteur de pompe marine g\u00e9n\u00e8re un effet de succion qui maintient le robot en place.<\/p>\n\n\n\n<p>Des brosses en nylon certifi\u00e9 et en acier inoxydable \u00e9liminent les algues, la v\u00e9g\u00e9tation et les premi\u00e8res couches d&rsquo;incrustation qui se forment g\u00e9n\u00e9ralement sur la coque lorsque le bateau est \u00e0 quai en eaux ferm\u00e9es.<\/p>\n\n\n\n<p>Cette solution innovante a pour objectif de r\u00e9duire les frais d&rsquo;entretien li\u00e9s au car\u00e9nage annuel et \u00e0 la peinture, ainsi que de limiter le besoin d&rsquo;interventions extraordinaires \u00e0 moyen terme.<\/p>\n\n\n\n<figure class=\"wp-block-image aligncenter size-full is-resized\"><a href=\"https:\/\/keelcrab.com\/en\/\"><img loading=\"lazy\" decoding=\"async\" width=\"322\" height=\"164\" src=\"http:\/\/octopusea.fr\/wp-content\/uploads\/2025\/08\/Screenshot-2025-08-05-at-11.23.59.png\" alt=\"\" class=\"wp-image-133\" style=\"width:136px;height:auto\" srcset=\"https:\/\/octopusea.fr\/wp-content\/uploads\/2025\/08\/Screenshot-2025-08-05-at-11.23.59.png 322w, https:\/\/octopusea.fr\/wp-content\/uploads\/2025\/08\/Screenshot-2025-08-05-at-11.23.59-300x153.png 300w\" sizes=\"auto, (max-width: 322px) 100vw, 322px\" \/><\/a><\/figure>\n","protected":false},"excerpt":{"rendered":"<p>Keelcrab Point Votre point relais officiel Keelcrab vous offre une expertise compl\u00e8te sur le robot Keelcrab Pro. Nous proposons un accompagnement personnalis\u00e9, de l&rsquo;acquisition \u00e0 l&rsquo;utilisation, pour des performances optimales et respectueuses de l&rsquo;environnement. Nous fournissons \u00e9galement un service apr\u00e8s-vente et des pi\u00e8ces d\u00e9tach\u00e9es certifi\u00e9es pour garantir la durabilit\u00e9 de votre appareil. B\u00e9n\u00e9ficiez de notre [&hellip;]<\/p>\n","protected":false},"author":1,"featured_media":0,"parent":0,"menu_order":0,"comment_status":"closed","ping_status":"closed","template":"page-no-title","meta":{"footnotes":""},"class_list":["post-126","page","type-page","status-publish","hentry"],"_links":{"self":[{"href":"https:\/\/octopusea.fr\/index.php?rest_route=\/wp\/v2\/pages\/126","targetHints":{"allow":["GET"]}}],"collection":[{"href":"https:\/\/octopusea.fr\/index.php?rest_route=\/wp\/v2\/pages"}],"about":[{"href":"https:\/\/octopusea.fr\/index.php?rest_route=\/wp\/v2\/types\/page"}],"author":[{"embeddable":true,"href":"https:\/\/octopusea.fr\/index.php?rest_route=\/wp\/v2\/users\/1"}],"replies":[{"embeddable":true,"href":"https:\/\/octopusea.fr\/index.php?rest_route=%2Fwp%2Fv2%2Fcomments&post=126"}],"version-history":[{"count":3,"href":"https:\/\/octopusea.fr\/index.php?rest_route=\/wp\/v2\/pages\/126\/revisions"}],"predecessor-version":[{"id":135,"href":"https:\/\/octopusea.fr\/index.php?rest_route=\/wp\/v2\/pages\/126\/revisions\/135"}],"wp:attachment":[{"href":"https:\/\/octopusea.fr\/index.php?rest_route=%2Fwp%2Fv2%2Fmedia&parent=126"}],"curies":[{"name":"wp","href":"https:\/\/api.w.org\/{rel}","templated":true}]}}